te number?
False
Let m(i) = -598*i**2 - 12*i + 22. Let f(c) = 597*c**2 + 9*c - 21. Let l(g) = 5*f(g) + 4*m(g). Is l(6) prime?
True
Let a(j) = 317235*j + 194. Is a(7) a prime number?
True
Let y(c) = c**2 - 14*c + 9. Let f be y(13). Let a(t) = t**2 + 3*t - 2. Let l be a(f). Suppose 5*i = l*o - 245 - 992, 641 = o + 2*i. Is o a composite number?
False
Let q = -48274 - -113685. Is q prime?
False
Suppose 33*p - 8279128 = -54*p - 17*p. Is p prime?
False
Let s(t) = t**3 + 4*t**2 - 5*t + 2. Let l be s(1). Is 379464/24 - -2*l a composite number?
True
Let n be 3 - (-4)/(4 - 8). Let g be (8/24)/(n/132). Suppose -20*q + g*q - 46 = 0. Is q composite?
False
Suppose -k - 2*p + 147 = 2*p, -3*k - 3*p + 396 = 0. Suppose -k*f - 15 = -130*f. Suppose 0 = -g - g - a + 206, f*g + a = 515. Is g a prime number?
True
Let j(n) = n + n + 43 + 28*n**2 - 6*n - 2*n. Is j(-8) composite?
True
Let d be ((3028/16)/1)/(4/16). Let f = 1088 - d. Is f composite?
False
Suppose -53*w + 32 = -57*w. Is 215910/42 - (w/14)/2 a prime number?
False
Let g be ((-3)/3 - -4)*(-3161)/(-3). Let o = g + 3836. Is o a composite number?
False
Let s(p) = -1362*p**3 - p**2 - 2*p - 9. Let u be s(-3). Suppose -13*a = -7*a - u. Is a a prime number?
False
Suppose 5*m + 1964 - 9 = 0. Let h = -1932 + 1160. Let t = m - h. Is t composite?
True
Suppose -446 = -3*j + h, -16*j - 4*h + 127 = -15*j. Is j/(-14)*3688/(-12) composite?
True
Let l(t) = 7862*t**3 - t**2 + 106*t - 207. Is l(2) a composite number?
False
Let v = -5654 - -8118. Suppose 4*a + 4*a - v = 0. Let n = 1002 - a. Is n prime?
False
Is (217/(-28) + 7)/(18/(-1683336)) composite?
False
Suppose y = -4*i + 16835, -2212 = -i - 5*y + 1992. Let r = -122 + i. Is r composite?
True
Suppose -a + 4 - 1 = 0. Suppose -f = 4*k - 17409 + 1813, -a*f + 15596 = 4*k. Is k prime?
False
Let k be 1 + 5 + (-4 - 0)/4. Suppose 3*a + 14 = -k*s, 2*a - s + 9 = -4*s. Is (a*(-1)/(-9))/((-1)/501) composite?
False
Let m = -18 + 23. Suppose 3*x = d + 3*d - 518, -10 = m*x. Suppose 29 = j - d. Is j a composite number?
False
Suppose 4*d - 5*d = 4*i - 18, -3*d + 4*i = -86. Let z(k) = -d*k - 6*k - 82*k - 3. Is z(-3) prime?
False
Is -3 + (1723796/30 - 108/(-810)) a prime number?
True
Let m(q) = -42*q**3 + 2*q**2 + 4*q. Let p(z) = -z**3 + z**2 + z + 1. Let r(o) = 2*m(o) - 4*p(o). Let v be r(2). Let t = v + 1885. Is t a prime number?
True
Suppose -c + 2*c - 2*d = -2, -d = -3*c + 4. Suppose 0 = 3*a - c*z - 3811, 4*z = a + 4*a - 6355. Suppose 4*q = 4*j - 351 - 2225, 5*q - a = -2*j. Is j prime?
True
Let n be 3 - (2 - (5 - 4) - 0). Suppose -10*h = -8*h + 4*y - 6032, -n*h = y - 6041. Is h prime?
False
Let p(i) = 341*i**2 + 84*i - 3363. Is p(40) a composite number?
True
Let x(b) be the third derivative of b**5/60 - 5*b**4/12 + 4*b**3/3 - 22*b**2. Let g be x(9). Is 3*g + (-911 - -4)*-2 prime?
True
Suppose -8*g + 42 = 6*g. Suppose -2*c - g*a - 3606 = -5*c, 0 = -4*c - 4*a + 4800. Is c a prime number?
True
Suppose -15241 = 2*m - 4*m + 3*c, m + 4*c = 7593. Let s = m + -1642. Is s a composite number?
True
Suppose r + 3 = 5. Suppose 0 = 3*w + r*w - 11515. Let q = 3420 - w. Is q prime?
True
Let g = 61 + -57. Suppose 4*n + 1084 = g*x, -2*n + 7*n - 2*x = -1346. Let i = -119 - n. Is i a prime number?
True
Is -355 + 367 + (75204 - 2) composite?
True
Let k = 5100 - 2873. Let j be (k/(-2))/((-4)/8). Suppose 2*u = -f + 896, 0 = 5*u - f - 3*f - j. Is u composite?
True
Let f(d) = -10*d**3 - d**2 + 4*d + 13. Let q be f(-2). Suppose q*v + 15 = 84*v. Is -7730*(v + (-44)/8) composite?
True
Let u = 2409 - -9560. Is u a prime number?
True
Let p(x) = -1093*x + 17. Suppose -q = -3 - 1. Let o(k) = k**3 - 3*k**2 - 7*k + 10. Let w be o(q). Is p(w) a composite number?
False
Let s be 18/(-12)*54488/(-12). Let p = s - 3690. Suppose 0 = 5*a - p - 2884. Is a composite?
False
Let p(q) = -326*q**3 + 3*q + 1. Suppose -3*j + 5*n = -53, -4*n + 0*n - 97 = -5*j. Let d(k) = k**3 - 22*k**2 + 21*k - 2. Let a be d(j). Is p(a) composite?
True
Let m be ((665/42)/(-19))/((-1)/6). Suppose -6*f + 2*f + 391 = 3*b, -5*b = -m*f + 480. Is f a prime number?
True
Let x(n) = -n**3 + 32*n**2 + 33*n + 10. Let g be x(33). Suppose -37*j + g*j = -20115. Is j composite?
True
Suppose 13*q - 10*q = 0. Suppose -b + 2*b + 3*f - 589 = 0, q = 5*b + f - 3015. Suppose 2*v = -4, 4*o - 1840 = -4*v - b. Is o prime?
True
Let v(b) = -13*b + 3. Let u be v(-1). Let g = 12 - u. Is (22/g)/((21/(-246))/7) composite?
True
Let a = 16 - 13. Suppose -7 = -5*r - 3*k, -a*r - 2*r = 4*k - 6. Suppose -579 - 199 = -r*p. Is p prime?
True
Let y(j) = 3*j**3 + 25*j - 18. Let a be y(7). Suppose 0 = -a*p + 1190*p - 62476. Is p a prime number?
True
Let d(r) = -2580*r + 301. Is d(-5) prime?
False
Let z(l) = l**2 - 7*l + 13. Let b be z(3). Let r be (11 + b - 2)/1. Is ((-1146)/r)/(4/(-20)) a composite number?
True
Let u = 106 + -96. Suppose -5444 = -u*m + 16146. Is m prime?
False
Suppose 26004 = 34*r - 88440. Suppose 20622 = 8*j + r. Is j a composite number?
True
Let p be (1 + 3694)*20/50. Suppose -6*x - 5*d = -2*x + 52, -3*x - 4*d = 40. Is (-20)/x*p/5 composite?
False
Let c be (35377/(-34))/((-1)/((-18)/(-3))). Let o = c - 3014. Is o prime?
True
Let n(c) be the second derivative of c**3/2 - 37*c**2/2 + 27*c. Let i be n(14). Is 1 - i - -1 - -3994*1 prime?
False
Is ((-324)/(-48) + -14)*-31156 a prime number?
False
Let q(f) = 84*f - 16. Let u be q(3). Suppose 0 = k + 5*b - 112, -3*k = -3*b + b - 353. Suppose -u = -l + k. Is l a prime number?
True
Is 25043 - (4032/(-28))/(-12) a prime number?
True
Let k(v) = 949*v**2 - v - 3 - 4 + 2. Let b(j) = -11*j**3 - j**2 + j - 2. Let g be b(0). Is k(g) a prime number?
True
Suppose 2*r - 43114 = -5*i, 3*r + 15*i - 20*i - 64696 = 0. Suppose -5*v - 3*o - 3162 = -r, 3*v = -5*o + 11024. Is v composite?
True
Let p = 121716 - 71669. Is p a prime number?
True
Let i be ((-12)/21)/(18/(-126)). Suppose -2*j = 3*j + i*a - 56551, -a + 56554 = 5*j. Is j composite?
False
Let b = 2271 - 1502. Let i(n) = 23*n + 71. Let c be i(9). Let w = b - c. Is w a composite number?
False
Suppose 3*p + 21045 = 2*t, 0 = -6*t + 3*t + 4*p + 31567. Suppose 4*i - 3*y = t, -2*y - 2168 = -i + 456. Suppose 2*l = 8*l - i. Is l a composite number?
False
Suppose -4*k - 137 = 215. Suppose -3*i - 1114 = 7*i + 556. Let b = k - i. Is b a composite number?
False
Let m(a) = 22*a**2 - 10*a + 51. Let f be m(7). Let d be 1 - -2314 - (-3 - 0). Let g = d - f. Is g composite?
False
Suppose -28866 - 310795 = 9*j - 1879939. Is j a composite number?
True
Let d = -58 + 127. Let z = d + -69. Suppose z = -4*j + 5120 - 1092. Is j a prime number?
False
Suppose 0 = 328*k - 345*k + 3353131. Is k a composite number?
False
Let h be (-135)/9*8/12. Is (1 - 263)/(h/15) a prime number?
False
Let v be (-106086)/(-14) - (-42)/98. Let l = v - -2293. Is l prime?
True
Let z = 91891 + -58009. Suppose 8177 = -5*a + z. Is a a prime number?
False
Is 83164382/1036 + 2/(8/10) a composite number?
True
Suppose -2*d + 18 = 3*s - 5*s, -5*d = -4*s - 41. Suppose -5*y - 5*k - 4 + 29 = 0, -d = -2*y + 3*k. Is (8920/(-12))/((-1)/(6/y)) a prime number?
False
Suppose -4*s + 3*i = -99, 3*s - 2*s + 2*i = 11. Suppose s*k - 28*k + 61257 = 0. Is k composite?
True
Suppose 0 = -5*a + 4*u + 29236, -4*a = u + 2*u - 23364. Suppose -24*g = -28*g + a. Is g prime?
False
Is (1202/(-5))/(-1 - 10761/(-10795)) a prime number?
False
Let l = -10539 + 15095. Suppose -z = 847 - l. Is z a prime number?
True
Suppose 162*n = 146*n + 1638448. Is n prime?
False
Suppose 4*w - 4*c = 12, 2*w + 2*c - 6*c = 0. Suppose 5*k - f = 25700, w*k - 4*f + 10302 = 8*k. Is k a prime number?
False
Let h be 4/(-16) - 3/12*-9. Suppose 4*k - 5*k + 2170 = -3*m, 0 = -2*k - h*m + 4316. Is k a composite number?
False
Let n(c) = 33*c**2 + 46*c + 232. Is n(51) a prime number?
True
Suppose 4*m = -707*r + 705*r + 88610, 4*m + 221553 = 5*r. Is r a prime number?
False
Let a(t) = -13*t**3 - 22*t**2 - 35*t - 1. Is a(-9) a prime number?
True
Suppose -9*k = -11*k + 3*r + 1251154, 0 = -3*k + 2*r + 1876751. Is k a prime number?
True
Let k(h) = -27*h**2 - 16*h + 74. Let v(m) = 26*m**2 + 14*m - 73. Let a(j) = 6*k(j) + 7*v(j). Is a(-9) a prime number?
False
Suppose s = -4*s + 15, -4*s - 7970 = -t. Suppose -4*w + 31991 = -0*w + y, w = 5*y + t. Is w prime?
False
Suppose 1288992 - 4386732 = -60*v. Is v a prime nu